e -v = 5*y, 0 = 4*a + a + 2*y - 3637. Let h = -506 + a. Is h a prime number?
True
Let t(m) = -8*m**3 - 8*m**2 + 6*m + 3. Let q be t(6). Let h = q - -4294. Is h composite?
True
Let l(m) = -15*m**2 - 14*m + 19. Let t be l(-11). Let u = -1070 + -2785. Let d = t - u. Is d prime?
True
Let i(g) = 1 + 8*g**3 - 4*g + 3*g**3 + 0 + 2*g + 0. Let v be 5/20 - 14/(-8). Is i(v) composite?
True
Let q(n) = 6*n + 91. Let i be q(-16). Let c = 16 + -28. Is (3602/c)/(i/30) a prime number?
True
Let j = 43 - 35. Suppose 4*d - j*d = 5*u + 1554, -3*d + 3*u = 1179. Let c = -98 - d. Is c composite?
False
Suppose -14*i - 23*i = 1110. Is (18/i)/((-3)/34995) composite?
True
Let s be 0/2*((-36)/8 - -5). Suppose s = k + 6*k - 1414. Suppose -5*q - a + 9930 = 0, 6167 - k = 3*q + 2*a. Is q a composite number?
True
Let i(h) = -112*h - 43. Let l be i(-8). Suppose 2*q + d + d = 852, -d = 2*q - l. Suppose 12*k - q = 1529. Is k prime?
True
Suppose -s + 2*l - 31974 = -3*s, -4*l = -s + 15967. Let u = s - 9376. Is u a prime number?
True
Let v be (-56)/8 + 10 + 14147. Let j = v - -4689. Is j a composite number?
False
Suppose -5*j - 70119 = 3*h, -3*j - 20155 = -5*h + 21896. Let a = -4921 - j. Is a prime?
False
Let y(m) = 8*m**2 - 21*m - 55. Let t be y(-26). Suppose 6*k - t = 12233. Is k a prime number?
False
Let x(r) = r. Let j(a) = -5*a + 7. Let i(t) = j(t) + 6*x(t). Let l be i(-5). Suppose 0 = 5*w + l*g - 2595, -w + 5*w = 5*g + 2109. Is w a prime number?
True
Is -197*((-10041)/45 - 10/(-75)) a prime number?
False
Suppose 7*q - 11818 = 18184. Let f = q - 1809. Is f composite?
False
Let w(n) = 2*n**3 - 11*n**2 - 4*n - 8. Let p be w(6). Suppose -4*z - 14254 = p*t - 1586, -20 = 4*t. Let i = 4639 + z. Is i composite?
True
Is 62 + -53 - 250408/(-2) a prime number?
False
Let r(g) = 8*g + 8 + 0*g + 5*g**2 + 13*g. Suppose -o = 4*j - j + 51, -3*j - 2*o - 57 = 0. Is r(j) composite?
True
Let i(s) = 875*s**3 + 5*s**2 - 3*s. Let y be (9/15*(-10)/2)/(-3). Is i(y) composite?
False
Let d(v) = 13*v - 1. Let x be d(-11). Let t be (-52895)/(-6) - 24/x. Suppose 0 = -9*b + 3433 + t. Is b a prime number?
True
Let f(o) = 3*o**3 + o**2 - 4*o + 11. Let j(t) = -7*t**3 - 3*t**2 + 7*t - 23. Let c(d) = 9*f(d) + 4*j(d). Is c(-12) a composite number?
False
Let p(v) = 2071*v**2 - 561. Is p(-14) a prime number?
False
Suppose 6*g = 82836 - 26958. Let c = g - 6314. Is c a prime number?
True
Suppose i - 6271 = 2*n, -n + 930 = 3*i + 4083. Let o = n - -8695. Is o a prime number?
True
Let c(u) = u - 5. Let k be c(7). Suppose -4*f + 42 = -k*f. Suppose 3086 = -f*n + 23*n. Is n a prime number?
True
Let o = -72130 - -126111. Is o a composite number?
True
Let h(d) = d**2 + 5*d - 31. Let x be h(-11). Is x/(-14)*(-1578)/15 composite?
False
Suppose 89339*x - 622082 = 89337*x. Is x a prime number?
True
Suppose -181*w - 149*w = -27855124 - 77537966. Is w a prime number?
False
Let p(r) = 30*r**3 + 3*r**2 + 18*r + 20. Is p(5) a composite number?
True
Suppose p - 2*a - 2718 = -91, -p - 2*a = -2631. Is p composite?
True
Let b = -34095 - 12323. Let m = -25987 - b. Is m composite?
False
Let r(t) = 32*t**3 - t**2 - 5*t - 6. Let z be r(-3). Let j = 3226 + z. Is j a prime number?
False
Let r = -174 + 96. Let h = 177 + r. Suppose 2*y - k = h + 323, 5*k = -2*y + 446. Is y a prime number?
False
Suppose 56*m = 304443 + 1867069. Is m composite?
True
Let c = 13493 - -3601. Suppose -4*f - 2*i = -c, i - 5*i = f - 4291. Is f composite?
False
Suppose 11*c = 472146 + 1836545. Is c a prime number?
False
Let p(o) = o**2 - 7*o + 3. Let h be p(8). Let g(f) = f - 13. Let q be g(h). Is (-61285)/(-68) - q/(-8) prime?
False
Let s(g) be the second derivative of -5*g**4/3 + g**3/6 - 5*g. Let n(v) = 19*v**2 - 2*v - 1. Let z(m) = -5*n(m) - 6*s(m). Is z(-4) a composite number?
False
Suppose -43*i + 37*i - 12 = 0. Is -14 + 5354 + -2 + (-1 - i) prime?
False
Suppose 3*k - 3*m + 12999 = 0, k - 2*m - 2564 = -6902. Let v = k + 7657. Suppose 2*f = v - 907. Is f a prime number?
False
Suppose -12*r + 32 = -8*r. Suppose -r + 14 = f. Let x(h) = 257*h - 7. Is x(f) composite?
True
Let i(m) = 169*m - 1650. Is i(35) a prime number?
False
Let k(h) be the second derivative of -6286*h**3 + h**2/2 - 168*h. Is k(-1) a prime number?
True
Let u(b) = -b**3 - 3*b**2 - 7*b + 3. Let h(i) = -6*i**2 - 11*i**2 - 3*i**3 - 20*i - 2*i**2 + 11*i**2 + 10. Let y(q) = -2*h(q) + 7*u(q). Is y(-4) prime?
False
Is (101289/9 - -1)/(-15 + 94/6) a composite number?
False
Suppose 27*z = 20*z + 21. Suppose v = 4*v + 12, z*a - 3*v - 1278 = 0. Is a a prime number?
False
Suppose -4*j + 69 = 73, -4*d = -j - 153045. Is d composite?
False
Let b be 6/33 + 4*564/176. Suppose -108495 = 4*h - b*h. Is h prime?
False
Let d = -120 + 125. Let g be 1/((d/11090)/1). Suppose -179 = 4*c + v - 1950, -5*c = -3*v - g. Is c a composite number?
False
Suppose 269 - 77 = 2*o - 2*k, 4*o - 409 = -k. Let h be 6 + 3/(-1) + o. Suppose -385 = -3*j + h. Is j a prime number?
True
Let p be (3*4/(-30))/(22/110). Is (10 + -4871)*(1 + p) a prime number?
True
Is 6 + (-5430)/(-6) + -12 a composite number?
True
Let x(n) = 366*n**3 - 16*n**2 + 44*n - 45. Is x(7) a prime number?
True
Let k(o) = -6*o - 7. Let b(i) = 25*i - 41. Let g(x) = -17*x + 27. Let j(r) = 5*b(r) + 7*g(r). Let d be j(0). Is k(d) composite?
False
Let z be (-5)/165*6 - 4/(-22). Suppose 6*j - 1432 - 5702 = z. Is j a prime number?
False
Let q = -3380 + 3463. Is q prime?
True
Let k(y) = 13*y**2 - 13*y - 49. Let m = -5 + 19. Is k(m) a prime number?
False
Suppose 2*w = -2*m - 2*w + 12, 0 = m + 3*w - 5. Suppose m*s + s = 14913. Is s a prime number?
True
Suppose 0 = -18*l - 33303 + 174225. Let w = l - 4476. Is w a composite number?
True
Suppose 3*b + 13356 - 1299 = 0. Let d = 7071 + b. Is d/5 - ((-9)/(-15))/(-1) a prime number?
False
Let s be 1 + ((-6)/9)/((-4)/30). Let x be s*6/252 + (-2)/14. Suppose x = 4*h + 12, -5*z + 2*h = -2*h - 1877. Is z prime?
True
Suppose 0 = -2*r + 10, -5*o + 3*r + 30 = 7*r. Suppose -o*l - 3*l = -35. Is (1 + 4)*(0 + l) a prime number?
False
Let q = -159460 + 454719. Is q a composite number?
False
Let z(m) = m**2. Let p(o) = 4*o**3 + 12*o**2 + 3*o - 15. Let q(l) = p(l) - z(l). Is q(8) a composite number?
True
Is ((-66)/24 + 1)/((-3)/(-2 - -1285646)) a composite number?
True
Suppose -2*w = 21 - 149. Suppose -2*c - w = -5*v, 5*v + 5*c = -2 + 52. Is 5446/4 - 6/v composite?
False
Let w(a) = -1806*a - 1213. Is w(-17) composite?
True
Let s be 20/6 + 24/36. Suppose -5*k - 3 = 2*m - s, -4*m - 8 = 0. Let y(o) = 48*o**3 + o. Is y(k) composite?
True
Let v = -254451 + 445150. Is v a composite number?
False
Let x(b) = -115*b**3 + 15*b**2 - 87*b - 1050. Is x(-11) a prime number?
True
Let m(i) be the first derivative of i**2 + 22*i + 11. Let h be m(0). Let f = h - -141. Is f prime?
True
Let y = -1136778 + 2862589. Is y a prime number?
True
Suppose 301*n + 7861691 = 528*n. Is n a composite number?
True
Let r be 3 + 0/(2 + 2). Is (-13)/3*123*(r + -4) a composite number?
True
Let z = -33 - -37. Suppose -3*t - z*x + 6*x = -4333, 0 = 5*t - 5*x - 7230. Is t a composite number?
True
Let g(r) = -6144*r**3 - 13*r**2 - 354*r - 1708. Is g(-5) a prime number?
False
Let a(y) = y**3 + 4. Let b be a(-2). Let v(w) be the third derivative of 19*w**5/60 + w**4/3 - 5*w**3/6 + 93*w**2. Is v(b) a composite number?
True
Let c(q) = -130 + 68 - 3*q + 0*q**2 + 2*q**2 + 58 + 71*q**3 + q**2. Is c(3) a prime number?
True
Let f(v) = -v**3 - 5*v**2 - 5*v - 2. Let m be f(-4). Let q be 3 + (-4)/(-6 + m)*-613. Let o = 1999 - q. Is o prime?
True
Is 38/(-8) + (-1166966650)/(-2840) a composite number?
False
Let n = -3238 - -37288. Let h = -15167 + n. Is h a prime number?
False
Suppose 16*i - 371692 + 525469 = 5926145. Is i composite?
True
Suppose -598*j = -619*j + 5640747. Is j composite?
False
Let q(l) = 180*l**3 + 3*l**2 - 35. Is q(4) a prime number?
False
Suppose 0 = -19*z + 2*z - 20502. Let q = z + 4063. Is q prime?
True
Let a = -4 + 19. Is 771*(3 - 4)*(-5)/a a prime number?
True
Is (-5061599)/(-9) + 406/(-609) - (-2)/(-9) a composite number?
False
Suppose -77*y - 56*y + 27880374 = -31*y. Is y composite?
True
Let n = -2677 + 8816. Suppose 30*r - n = 23*r. Is r a prime number?
True
Let l = -15 + 24. Let b(k) be the second derivative of k**5/20 - 5*k**4/12 - 13*k**3/6 + 3*k**2 - 442*k + 2. Is b(l) a prime nu